{"id":495,"date":"2021-04-09T16:36:59","date_gmt":"2021-04-09T19:36:59","guid":{"rendered":"https:\/\/funerariabh.com\/?page_id=495"},"modified":"2021-06-23T00:25:53","modified_gmt":"2021-06-23T03:25:53","slug":"home","status":"publish","type":"page","link":"https:\/\/funerariabh.com\/blog\/home\/","title":{"rendered":"Funeraria"},"content":{"rendered":"\t\t<div data-elementor-type=\"wp-page\" data-elementor-id=\"495\" class=\"elementor elementor-495\">\n\t\t\t\t\t\t\t\t\t<section class=\"elementor-section elementor-top-section elementor-element elementor-element-57163f1 elementor-section-boxed elementor-section-height-default elementor-section-height-default\" data-id=\"57163f1\" data-element_type=\"section\">\n\t\t\t\t\t\t<div class=\"elementor-container elementor-column-gap-default\">\n\t\t\t\t\t<div class=\"elementor-column elementor-col-100 elementor-top-column elementor-element elementor-element-fcff190\" data-id=\"fcff190\" data-element_type=\"column\">\n\t\t\t<div class=\"elementor-widget-wrap elementor-element-populated\">\n\t\t\t\t\t\t\t\t<div class=\"elementor-element elementor-element-8bd4804 elementor-widget elementor-widget-image\" data-id=\"8bd4804\" data-element_type=\"widget\" data-widget_type=\"image.default\">\n\t\t\t\t<div class=\"elementor-widget-container\">\n\t\t\t\t\t\t\t\t\t\t\t\t\t\t\t<img decoding=\"async\" src=\"https:\/\/funerariabh.com\/wp-content\/uploads\/2018\/10\/Fotolia_6970163_XL-e1585776051982.jpg\" title=\"\" alt=\"\" loading=\"lazy\" \/>\t\t\t\t\t\t\t\t\t\t\t\t\t\t\t<\/div>\n\t\t\t\t<\/div>\n\t\t\t\t\t<\/div>\n\t\t<\/div>\n\t\t\t\t\t\t\t<\/div>\n\t\t<\/section>\n\t\t\t\t<section class=\"elementor-section elementor-top-section elementor-element elementor-element-9214e06 elementor-section-boxed elementor-section-height-default elementor-section-height-default\" data-id=\"9214e06\" data-element_type=\"section\">\n\t\t\t\t\t\t<div class=\"elementor-container elementor-column-gap-default\">\n\t\t\t\t\t<div class=\"elementor-column elementor-col-100 elementor-top-column elementor-element elementor-element-1283b0d\" data-id=\"1283b0d\" data-element_type=\"column\">\n\t\t\t<div class=\"elementor-widget-wrap elementor-element-populated\">\n\t\t\t\t\t\t\t\t<div class=\"elementor-element elementor-element-78a7cff elementor-button-success elementor-widget elementor-widget-button\" data-id=\"78a7cff\" data-element_type=\"widget\" data-widget_type=\"button.default\">\n\t\t\t\t<div class=\"elementor-widget-container\">\n\t\t\t\t\t<div class=\"elementor-button-wrapper\">\n\t\t\t<a class=\"elementor-button elementor-button-link elementor-size-xl\" href=\"#\">\n\t\t\t\t\t\t<span class=\"elementor-button-content-wrapper\">\n\t\t\t\t\t\t<span class=\"elementor-button-text\">Ligar Agora Plant\u00e3o 24h<\/span>\n\t\t<\/span>\n\t\t\t\t\t<\/a>\n\t\t<\/div>\n\t\t\t\t<\/div>\n\t\t\t\t<\/div>\n\t\t\t\t\t<\/div>\n\t\t<\/div>\n\t\t\t\t\t\t\t<\/div>\n\t\t<\/section>\n\t\t\t\t<section class=\"elementor-section elementor-top-section elementor-element elementor-element-f1f1e88 elementor-section-boxed elementor-section-height-default elementor-section-height-default\" data-id=\"f1f1e88\" data-element_type=\"section\">\n\t\t\t\t\t\t<div class=\"elementor-container elementor-column-gap-default\">\n\t\t\t\t\t<div class=\"elementor-column elementor-col-100 elementor-top-column elementor-element elementor-element-7d4b5da\" data-id=\"7d4b5da\" data-element_type=\"column\">\n\t\t\t<div class=\"elementor-widget-wrap elementor-element-populated\">\n\t\t\t\t\t\t\t\t<div class=\"elementor-element elementor-element-350b277 elementor-button-danger elementor-widget elementor-widget-button\" data-id=\"350b277\" data-element_type=\"widget\" data-widget_type=\"button.default\">\n\t\t\t\t<div class=\"elementor-widget-container\">\n\t\t\t\t\t<div class=\"elementor-button-wrapper\">\n\t\t\t<a class=\"elementor-button elementor-button-link elementor-size-xl\" href=\"#\">\n\t\t\t\t\t\t<span class=\"elementor-button-content-wrapper\">\n\t\t\t\t\t\t<span class=\"elementor-button-text\">Clique para Ver Pre\u00e7os<\/span>\n\t\t<\/span>\n\t\t\t\t\t<\/a>\n\t\t<\/div>\n\t\t\t\t<\/div>\n\t\t\t\t<\/div>\n\t\t\t\t\t<\/div>\n\t\t<\/div>\n\t\t\t\t\t\t\t<\/div>\n\t\t<\/section>\n\t\t\t\t<section class=\"elementor-section elementor-top-section elementor-element elementor-element-fa31eb8 elementor-section-boxed elementor-section-height-default elementor-section-height-default\" data-id=\"fa31eb8\" data-element_type=\"section\">\n\t\t\t\t\t\t<div class=\"elementor-container elementor-column-gap-default\">\n\t\t\t\t\t<div class=\"elementor-column elementor-col-100 elementor-top-column elementor-element elementor-element-f8b1255\" data-id=\"f8b1255\" data-element_type=\"column\">\n\t\t\t<div class=\"elementor-widget-wrap elementor-element-populated\">\n\t\t\t\t\t\t\t\t<div class=\"elementor-element elementor-element-8945fac elementor-widget elementor-widget-text-editor\" data-id=\"8945fac\" data-element_type=\"widget\" data-widget_type=\"text-editor.default\">\n\t\t\t\t<div class=\"elementor-widget-container\">\n\t\t\t\t\t\t\t<h3>Atendimento 24 horas, quando voc\u00ea mais precisa.<\/h3><div>\u00a0<\/div><p>Refer\u00eancia em Belo Horizonte e em todo estado de Minas Gerais na presta\u00e7\u00e3o de Servi\u00e7os P\u00f3stumos no territ\u00f3rio Nacional e Internacional, a Funer\u00e1ria BH 24h iniciou suas atividades com um princ\u00edpio: O respeito. Respeito n\u00e3o s\u00f3 com os familiares, mas tamb\u00e9m com o familiar que n\u00e3o est\u00e1 mais entre n\u00f3s. Princ\u00edpio este que \u00e9 adotado at\u00e9 os dias de hoje, valorizado por todos os seus funcion\u00e1rios. Sempre se baseando em seus valores na \u00e9tica, honestidade, humanismo e respeito a todos que est\u00e3o envolvidos em seu trabalho.<\/p><p>Com uma estrutura s\u00f3lida, confi\u00e1vel e instala\u00e7\u00f5es modernas, a Funer\u00e1ria Trianon, com sede em Jd. S\u00e3o Vicente &#8211; S\u00e3o Paulo, com salas de vel\u00f3rios, e frota com carros f\u00fanebre e de apoio aos familiares, cl\u00ednica especializada em prepara\u00e7\u00e3o de corpos e planos de assist\u00eancia familiar \u00e9 uma empresa no segmento funer\u00e1rio, com conceitos embasados na valoriza\u00e7\u00e3o de pessoas para garantir satisfa\u00e7\u00e3o em todos os servi\u00e7os e processos.<\/p>\t\t\t\t\t\t<\/div>\n\t\t\t\t<\/div>\n\t\t\t\t\t<\/div>\n\t\t<\/div>\n\t\t\t\t\t\t\t<\/div>\n\t\t<\/section>\n\t\t\t\t<section class=\"elementor-section elementor-top-section elementor-element elementor-element-e36f575 elementor-section-boxed elementor-section-height-default elementor-section-height-default\" data-id=\"e36f575\" data-element_type=\"section\">\n\t\t\t\t\t\t<div class=\"elementor-container elementor-column-gap-default\">\n\t\t\t\t\t<div class=\"elementor-column elementor-col-33 elementor-top-column elementor-element elementor-element-00e4949\" data-id=\"00e4949\" data-element_type=\"column\">\n\t\t\t<div class=\"elementor-widget-wrap elementor-element-populated\">\n\t\t\t\t\t\t\t\t<div class=\"elementor-element elementor-element-c204f54 elementor-position-top elementor-widget elementor-widget-image-box\" data-id=\"c204f54\" data-element_type=\"widget\" data-widget_type=\"image-box.default\">\n\t\t\t\t<div class=\"elementor-widget-container\">\n\t\t\t<div class=\"elementor-image-box-wrapper\"><figure class=\"elementor-image-box-img\"><img decoding=\"async\" src=\"https:\/\/funerariabh.com\/wp-content\/uploads\/2020\/08\/plano-funerario-bh.jpg\" title=\"\" alt=\"\" loading=\"lazy\" \/><\/figure><div class=\"elementor-image-box-content\"><h3 class=\"elementor-image-box-title\">CREMA\u00c7\u00c3O<\/h3><p class=\"elementor-image-box-description\">Servi\u00e7o completo de crematorio em BH<\/p><\/div><\/div>\t\t<\/div>\n\t\t\t\t<\/div>\n\t\t\t\t\t<\/div>\n\t\t<\/div>\n\t\t\t\t<div class=\"elementor-column elementor-col-33 elementor-top-column elementor-element elementor-element-b07c4ca\" data-id=\"b07c4ca\" data-element_type=\"column\">\n\t\t\t<div class=\"elementor-widget-wrap elementor-element-populated\">\n\t\t\t\t\t\t\t\t<div class=\"elementor-element elementor-element-7360ea1 elementor-position-top elementor-widget elementor-widget-image-box\" data-id=\"7360ea1\" data-element_type=\"widget\" data-widget_type=\"image-box.default\">\n\t\t\t\t<div class=\"elementor-widget-container\">\n\t\t\t<div class=\"elementor-image-box-wrapper\"><figure class=\"elementor-image-box-img\"><img decoding=\"async\" src=\"https:\/\/funerariabh.com\/wp-content\/uploads\/2020\/04\/funeraria-morumbi-1140x500.jpg\" title=\"\" alt=\"\" loading=\"lazy\" \/><\/figure><div class=\"elementor-image-box-content\"><h3 class=\"elementor-image-box-title\">Ornamenta\u00e7\u00e3o<\/h3><p class=\"elementor-image-box-description\">Coroa de flores e toda ornamenta\u00e7\u00e3o do seu funeral<\/p><\/div><\/div>\t\t<\/div>\n\t\t\t\t<\/div>\n\t\t\t\t\t<\/div>\n\t\t<\/div>\n\t\t\t\t<div class=\"elementor-column elementor-col-33 elementor-top-column elementor-element elementor-element-d34626c\" data-id=\"d34626c\" data-element_type=\"column\">\n\t\t\t<div class=\"elementor-widget-wrap elementor-element-populated\">\n\t\t\t\t\t\t\t\t<div class=\"elementor-element elementor-element-785dcdd elementor-position-top elementor-widget elementor-widget-image-box\" data-id=\"785dcdd\" data-element_type=\"widget\" data-widget_type=\"image-box.default\">\n\t\t\t\t<div class=\"elementor-widget-container\">\n\t\t\t<div class=\"elementor-image-box-wrapper\"><figure class=\"elementor-image-box-img\"><img decoding=\"async\" src=\"https:\/\/funerariabh.com\/wp-content\/uploads\/2020\/08\/funeraria-bh-1.jpeg\" title=\"\" alt=\"\" loading=\"lazy\" \/><\/figure><div class=\"elementor-image-box-content\"><h3 class=\"elementor-image-box-title\">Jazigo<\/h3><p class=\"elementor-image-box-description\">Lorem ipsum dolor sit amet, consectetur adipiscing elit. Ut elit tellus, luctus nec ullamcorper mattis, pulvinar dapibus leo.<\/p><\/div><\/div>\t\t<\/div>\n\t\t\t\t<\/div>\n\t\t\t\t\t<\/div>\n\t\t<\/div>\n\t\t\t\t\t\t\t<\/div>\n\t\t<\/section>\n\t\t\t\t<section class=\"elementor-section elementor-top-section elementor-element elementor-element-7e21754 elementor-section-boxed elementor-section-height-default elementor-section-height-default\" data-id=\"7e21754\" data-element_type=\"section\">\n\t\t\t\t\t\t<div class=\"elementor-container elementor-column-gap-default\">\n\t\t\t\t\t<div class=\"elementor-column elementor-col-100 elementor-top-column elementor-element elementor-element-6290d18\" data-id=\"6290d18\" data-element_type=\"column\">\n\t\t\t<div class=\"elementor-widget-wrap elementor-element-populated\">\n\t\t\t\t\t\t\t\t<div class=\"elementor-element elementor-element-5b9a0e8 elementor-widget elementor-widget-text-editor\" data-id=\"5b9a0e8\" data-element_type=\"widget\" data-widget_type=\"text-editor.default\">\n\t\t\t\t<div class=\"elementor-widget-container\">\n\t\t\t\t\t\t\t<h3>Q<b>uando \u00e9 preciso<br \/>contratar uma funer\u00e1ria?<\/b><\/h3><p>A contrata\u00e7\u00e3o de uma funer\u00e1ria \u00e9 obrigat\u00f3ria em qualquer situa\u00e7\u00e3o de falecimento, independentemente do local do \u00f3bito (hospital, resid\u00eancia, casa de repouso, via p\u00fablica, etc.) ou da op\u00e7\u00e3o entre sepultamento e crema\u00e7\u00e3o.<\/p><p>Este processo de atendimento das funer\u00e1rias \u00e9 <strong>fiscalizado<\/strong> e credenciado pelas prefeituras dos munic\u00edpios.<\/p><p>As funer\u00e1rias credenciadas pelo munic\u00edpio s\u00e3o as \u00fanicas habilitados para transladar, preparar e acompanhar a pessoa falecida durante todo o processo e tratativas de despedida.<\/p><p>Para os casos em que a Declara\u00e7\u00e3o de \u00d3bito \u00e9 emitida por um m\u00e9dico legista do IML, uma funer\u00e1ria precisa ser acionada para dar continuidade ao atendimento ap\u00f3s a conclus\u00e3o dos procedimentos legais.<\/p><p>Nossa equipe est\u00e1 \u00e0 disposi\u00e7\u00e3o 24 horas por dia, todos os dias da semana.<\/p><h3>O que faz uma<br \/>funer\u00e1ria?<\/h3><p>As funer\u00e1rias s\u00e3o empresas especializadas no atendimento de fam\u00edlias que tiveram o falecimento de um ente querido. Para realizar estes servi\u00e7os a equipe da funer\u00e1ria \u00e9 formada por agentes funer\u00e1rios treinados e que operam ve\u00edculos, equipamentos e materiais especiais para cada situa\u00e7\u00e3o de \u00f3bito.<\/p><p>Nas funer\u00e1rias do Grupo Jardim da Saudade nossa equipe junto de instala\u00e7\u00f5es modernas, privativas e confort\u00e1veis, disp\u00f5e de uma gama de op\u00e7\u00f5es para atender aos pedidos da fam\u00edlia e realizar os \u00faltimos desejos da pessoa que partiu, desde vestimentas, local de despedida, tipo de celebra\u00e7\u00e3o entre outras especificidades.<\/p><p>Como diferencial do Grupo Jardim da Saudade os clientes s\u00e3o atendidos por uma equipe preparada para fornecer \u00e0 fam\u00edlia informa\u00e7\u00f5es sobre Sepultamento e Crema\u00e7\u00e3o. Esta facilidade ocorre pois o grupo \u00e9 formado por unidades que atuam em cada um destes segmentos, o que d\u00e1 expertise para fornecer e apoiar a fam\u00edlia com informa\u00e7\u00f5es precisas sobre todo o processo, auxiliando na tomada desta importante decis\u00e3o.<\/p>\t\t\t\t\t\t<\/div>\n\t\t\t\t<\/div>\n\t\t\t\t\t<\/div>\n\t\t<\/div>\n\t\t\t\t\t\t\t<\/div>\n\t\t<\/section>\n\t\t\t\t<section class=\"elementor-section elementor-top-section elementor-element elementor-element-88dd8d1 elementor-section-boxed elementor-section-height-default elementor-section-height-default\" data-id=\"88dd8d1\" data-element_type=\"section\">\n\t\t\t\t\t\t<div class=\"elementor-container elementor-column-gap-default\">\n\t\t\t\t\t<div class=\"elementor-column elementor-col-100 elementor-top-column elementor-element elementor-element-f920ba0\" data-id=\"f920ba0\" data-element_type=\"column\">\n\t\t\t<div class=\"elementor-widget-wrap elementor-element-populated\">\n\t\t\t\t\t\t\t\t<div class=\"elementor-element elementor-element-86b333e elementor-widget elementor-widget-google_maps\" data-id=\"86b333e\" data-element_type=\"widget\" data-widget_type=\"google_maps.default\">\n\t\t\t\t<div class=\"elementor-widget-container\">\n\t\t\t\t\t<div class=\"elementor-custom-embed\">\n\t\t\t<iframe loading=\"lazy\"\n\t\t\t\t\tsrc=\"https:\/\/maps.google.com\/maps?q=bel%20horizonte&#038;t=m&#038;z=10&#038;output=embed&#038;iwloc=near\"\n\t\t\t\t\ttitle=\"bel horizonte\"\n\t\t\t\t\taria-label=\"bel horizonte\"\n\t\t\t><\/iframe>\n\t\t<\/div>\n\t\t\t\t<\/div>\n\t\t\t\t<\/div>\n\t\t\t\t\t<\/div>\n\t\t<\/div>\n\t\t\t\t\t\t\t<\/div>\n\t\t<\/section>\n\t\t\t\t<section class=\"elementor-section elementor-top-section elementor-element elementor-element-e4076b4 elementor-section-boxed elementor-section-height-default elementor-section-height-default\" data-id=\"e4076b4\" data-element_type=\"section\">\n\t\t\t\t\t\t<div class=\"elementor-container elementor-column-gap-default\">\n\t\t\t\t\t<div class=\"elementor-column elementor-col-100 elementor-top-column elementor-element elementor-element-f06ed82\" data-id=\"f06ed82\" data-element_type=\"column\">\n\t\t\t<div class=\"elementor-widget-wrap elementor-element-populated\">\n\t\t\t\t\t\t\t\t<div class=\"elementor-element elementor-element-dc94ce9 elementor-widget elementor-widget-spacer\" data-id=\"dc94ce9\" data-element_type=\"widget\" data-widget_type=\"spacer.default\">\n\t\t\t\t<div class=\"elementor-widget-container\">\n\t\t\t\t\t<div class=\"elementor-spacer\">\n\t\t\t<div class=\"elementor-spacer-inner\"><\/div>\n\t\t<\/div>\n\t\t\t\t<\/div>\n\t\t\t\t<\/div>\n\t\t\t\t\t<\/div>\n\t\t<\/div>\n\t\t\t\t\t\t\t<\/div>\n\t\t<\/section>\n\t\t\t\t<section class=\"elementor-section elementor-top-section elementor-element elementor-element-74fbaac elementor-section-boxed elementor-section-height-default elementor-section-height-default\" data-id=\"74fbaac\" data-element_type=\"section\">\n\t\t\t\t\t\t<div class=\"elementor-container elementor-column-gap-default\">\n\t\t\t\t\t<div class=\"elementor-column elementor-col-100 elementor-top-column elementor-element elementor-element-25d4814\" data-id=\"25d4814\" data-element_type=\"column\">\n\t\t\t<div class=\"elementor-widget-wrap elementor-element-populated\">\n\t\t\t\t\t\t\t\t<section class=\"elementor-section elementor-inner-section elementor-element elementor-element-4a9a363 elementor-section-boxed elementor-section-height-default elementor-section-height-default\" data-id=\"4a9a363\" data-element_type=\"section\">\n\t\t\t\t\t\t<div class=\"elementor-container elementor-column-gap-default\">\n\t\t\t\t\t<div class=\"elementor-column elementor-col-50 elementor-inner-column elementor-element elementor-element-02fdf2d\" data-id=\"02fdf2d\" data-element_type=\"column\">\n\t\t\t<div class=\"elementor-widget-wrap\">\n\t\t\t\t\t\t\t\t\t<\/div>\n\t\t<\/div>\n\t\t\t\t<div class=\"elementor-column elementor-col-50 elementor-inner-column elementor-element elementor-element-7aabae6\" data-id=\"7aabae6\" data-element_type=\"column\">\n\t\t\t<div class=\"elementor-widget-wrap\">\n\t\t\t\t\t\t\t\t\t<\/div>\n\t\t<\/div>\n\t\t\t\t\t\t\t<\/div>\n\t\t<\/section>\n\t\t\t\t\t<\/div>\n\t\t<\/div>\n\t\t\t\t\t\t\t<\/div>\n\t\t<\/section>\n\t\t\t\t\t\t\t<\/div>\n\t\t","protected":false},"excerpt":{"rendered":"<p>Ligar Agora Plant\u00e3o 24h Clique para Ver Pre\u00e7os Atendimento 24 horas, quando voc\u00ea mais precisa. \u00a0 Refer\u00eancia em Belo Horizonte e em todo estado de Minas Gerais na presta\u00e7\u00e3o de&hellip; <\/p>\n","protected":false},"author":1,"featured_media":0,"parent":0,"menu_order":0,"comment_status":"closed","ping_status":"closed","template":"","meta":{"_seopress_robots_primary_cat":"","footnotes":""},"class_list":["post-495","page","type-page","status-publish","hentry"],"_links":{"self":[{"href":"https:\/\/funerariabh.com\/blog\/wp-json\/wp\/v2\/pages\/495","targetHints":{"allow":["GET"]}}],"collection":[{"href":"https:\/\/funerariabh.com\/blog\/wp-json\/wp\/v2\/pages"}],"about":[{"href":"https:\/\/funerariabh.com\/blog\/wp-json\/wp\/v2\/types\/page"}],"author":[{"embeddable":true,"href":"https:\/\/funerariabh.com\/blog\/wp-json\/wp\/v2\/users\/1"}],"replies":[{"embeddable":true,"href":"https:\/\/funerariabh.com\/blog\/wp-json\/wp\/v2\/comments?post=495"}],"version-history":[{"count":0,"href":"https:\/\/funerariabh.com\/blog\/wp-json\/wp\/v2\/pages\/495\/revisions"}],"wp:attachment":[{"href":"https:\/\/funerariabh.com\/blog\/wp-json\/wp\/v2\/media?parent=495"}],"curies":[{"name":"wp","href":"https:\/\/api.w.org\/{rel}","templated":true}]}}